(6). What is the greatest common divisor of 10 and d?
10
Let x = -750 - -770. Calculate the greatest common factor of x and 36.
4
Let g be -1 - 2/((-2)/57). Let x be (-2)/(-26) + (-1133)/(-143). Calculate the highest common divisor of x and g.
8
Suppose -109*h + 122*h = 156. Let f(n) = -2 - n - 5 + 11*n - n**2 - 3. Let y be f(8). Calculate the greatest common divisor of y and h.
6
Let k = -422 - -460. What is the highest common divisor of 2 and k?
2
Let n = 76 + -43. Suppose 2*v = -5*b + 438, 2*b - 215 = -3*v - 42. Suppose 0 = 12*u - 8*u - b. Calculate the highest common factor of u and n.
11
Suppose -16 = -d + 34. Suppose 3*w - 21 = -2*i, 39 = 5*i - 3*w - 66. Suppose 5*n - 32 = i. Calculate the greatest common factor of n and d.
10
Suppose -3*l = -4*l + 36. Let p(w) = 4*w + 6. Let m be p(-4). Let s be 14/(-70) + (-62)/m. What is the greatest common divisor of s and l?
6
Suppose 23 = 2*u + 3. Suppose 2*m = -0*m + u. Suppose -m*o + o - 4*a = -88, 82 = 4*o + a. What is the greatest common factor of o and 220?
20
Let f = 236 - 71. What is the highest common factor of f and 11?
11
Let g = 13 - 11. Suppose 2*f = g, b - 5*f + 12 + 5 = 0. Let z be 0 + 12/4 - b. Calculate the highest common divisor of 5 and z.
5
Let v = -2 - -4. Let k be 28/8 + (-5)/2. What is the greatest common factor of v and k?
1
Let q be (8/20*-3)/((-6)/15). What is the highest common factor of 111 and q?
3
Let p be (-2*(-12)/16)/((-1)/(-738)). Suppose 21*d = 18*d + p. What is the highest common factor of d and 41?
41
Suppose -5*g - 3*v = -16, -4*v + 10 = g - 0. Suppose 5*w - 85 = -g*p, -3*p + 67 = -w - 35. Calculate the greatest common divisor of 5 and p.
5
Let l be (-13 - -23) + 8 + 0. Let t be ((-324)/10)/(1/(-5)). Calculate the greatest common divisor of t and l.
18
Suppose 0 = 2*v + v - 168. Suppose -v = -5*l - 3*l. Suppose l*t - 6 = t. What is the greatest common factor of 1 and t?
1
Let l(h) = 129*h**2 - h - 1. Let j be l(-1). Let x = 220 - j. Suppose 53 = 11*g - 90. What is the highest common divisor of g and x?
13
Let f = -14 - -47. Suppose -p + 1436 = 3*p + 4*u, 3*p - 2*u = 1097. What is the highest common divisor of p and f?
33
Suppose -13*p - 18 + 5 = 0. Let g(l) = -44*l**3 + 7*l**2 + 5*l - 1. Let v be g(p). Calculate the greatest common factor of v and 5.
5
Let v = 46 + -28. Let x be 1305/180 + (-14)/(-8). What is the greatest common divisor of v and x?
9
Let t be (-474)/4*(-24)/18. Let b = t + -95. Let y = 38 + -31. What is the highest common factor of b and y?
7
Let t = -51 - -155. Suppose -3*r + t = -169. Calculate the highest common divisor of r and 13.
13
Let v be 42/(2 + -3 - -2). Let z(a) = -4*a**2 - 4*a - 4. Let r be z(5). Let x = -61 - r. What is the greatest common factor of x and v?
21
Let g(t) = -11*t - 8*t + 2*t**2 + 1 + 7*t + 2. Let b be g(6). Suppose 4*u + 0*u = 96. Calculate the highest common divisor of u and b.
3
Suppose 0 = 4*g + g - 75. Suppose 5*o - 13 = -3*m, 0*o = o - 2. Let l = m + 9. Calculate the greatest common factor of g and l.
5
Let k be (9 + -1)/(-2) - 30. Let i = 68 - 132. Let q = k - i. What is the greatest common factor of q and 12?
6
Let u be (1/2)/((-2)/(-8)). Let h(n) = 2*n**2 - 18*n + 42. Let s be h(2). What is the highest common divisor of s and u?
2
Let v = 48 + 4. Suppose -5*y + 48 = -2*w, -5*y = -0*y - 20. Let f = 40 + w. What is the greatest common divisor of f and v?
26
Suppose -144*a + 120*a = -6216. What is the highest common factor of 7 and a?
7
Suppose 6*o = -q + 2*o, 0 = 2*o. Suppose -5*n = 3*c - 422, -c + n + 92 + 54 = q. Calculate the greatest common divisor of 18 and c.
18
Suppose -v + 1506 - 1517 = -a, -a - 5*v = -23. Suppose 5*s = 23 + 42. Calculate the greatest common divisor of s and a.
13
Let y be 27/(-162) - 91/(-6). Let b = y + 0. What is the highest common divisor of b and 15?
15
Let d = 22 + -19. Calculate the highest common factor of 156 and d.
3
Let g = -79 - -112. Suppose -r = -0*r - g. Let c = 348 - 337. What is the highest common divisor of c and r?
11
Suppose -x - 3*d + 76 - 19 = 0, -5*x = -3*d - 375. Let t be -6*(-5)/(-10) + -22. Let n = t - -33. Calculate the greatest common divisor of n and x.
8
Let h be (-18)/(-8) + ((-1)/4)/1. Suppose -b + 4*j + 27 = -55, -h*j = 2*b - 134. What is the greatest common divisor of 14 and b?
14
Let i(d) = -d**3 - d**2 - 36*d. Let s be i(-9). What is the greatest common divisor of s and 18?
18
Suppose -2*t = -2, 5*a + 2*t - 137 = 5*t. Suppose -18*h = 3*h - 882. What is the highest common factor of a and h?
14
Let p be 4*30/15*(-26)/(-16). What is the greatest common divisor of p and 2?
1
Let g = 108 - -336. Calculate the highest common divisor of 12 and g.
12
Let m(r) = -r**2 - 35*r - 8. Let s be m(-4). What is the highest common factor of s and 377?
29
Suppose -2*c + 1914 - 96 = -2*t, -12 = -3*t. What is the highest common divisor of c and 22?
11
Let l(s) be the first derivative of -s**3/3 + s**2/2 + 10*s - 8. Let h be 3/(-2 + (7 - 4)). Let m be l(h). What is the highest common factor of 6 and m?
2
Let i = 4465 + -3303. Calculate the greatest common divisor of 14 and i.
14
Let c(k) = -k**2 + 13*k - 12. Let d be c(14). Let q be (-6631)/247 - (-4)/d. Let u = q + 41. What is the greatest common factor of 21 and u?
7
Let q(f) = -5*f - 32. Suppose -c = 3*u + 23, -5*c - 36 = 3*u - 5. Let b be q(u). What is the highest common factor of 1 and b?
1
Let w = 145 + -89. Let n(y) = -3*y - 1. Let s be n(-5). Calculate the greatest common divisor of w and s.
14
Let o(x) = 31*x**2 - 2*x + 1. Let y be ((3 - 1) + -1)*1. Let r be o(y). Let a be (28/5)/(4/r). Calculate the greatest common factor of 63 and a.
21
Suppose -2*a - a = -4*x - 2162, -4*a - 4*x + 2892 = 0. Calculate the highest common divisor of a and 38.
38
Suppose -28*a + 26*a = -10. Suppose p - 23 = a*u, 0 = -p + 2*u + 20 - 0. Calculate the greatest common divisor of p and 18.
18
Let z = 82 - 80. Suppose -6*x + 105 = -3*x. Suppose 2*o = x + 1. Calculate the highest common factor of z and o.
2
Let w be -3 + (1 - 0)/(12/396). Let o = 48 - w. Calculate the highest common divisor of o and 6.
6
Suppose -1 = -h - 5*u + 17, -3*u + 18 = h. Calculate the highest common divisor of 234 and h.
18
Suppose -15*w - 8 = -38. Suppose -w*n + 0*n - 4*g = -96, -3*n + 142 = 5*g. What is the highest common divisor of n and 11?
11
Let x(s) = 4*s**2 + 9*s + 3. Let o be x(-5). What is the greatest common divisor of 174 and o?
58
Let n(b) = -67*b - 30. Let k be n(-4). What is the greatest common factor of k and 34?
34
Let r(s) = s**3 + 6*s**2 - 10*s - 9. Let n be r(-7). Suppose -4*i - 48 = -h, 19 = h + i - 14. What is the highest common divisor of n and h?
12
Let n(m) = -324*m + 1. Let w be n(-1). Calculate the greatest common factor of w and 25.
25
Suppose -2*j - 70 = -4*z + 258, -256 = -3*z - j. Let g = z + -68. What is the greatest common divisor of 24 and g?
8
Let l = 40 + -10. Let y be 4/5 - (-614)/(-5). Let u be (-1)/3 - y/6. What is the highest common factor of u and l?
10
Suppose 0 = 4*a - 15 - 17. Let l(o) = -8*o + o + o - 5 - 17*o. Let q be l(-3). What is the highest common factor of a and q?
8
Let u be -1 + 1 - -2*6. Let a(t) = -4*t - 74. Let h be a(-17). Let v be u/(-9)*45/h. Calculate the greatest common factor of v and 15.
5
Suppose 0 = 28*x + 4541 - 22013. Calculate the greatest common divisor of x and 26.
26
Suppose o = -o + 2, -17 = -2*x - 3*o. Suppose -3*s - 15 = 0, 136 = 25*r - 23*r - 2*s. What is the greatest common factor of x and r?
7
Suppose -g + 4 = 0, 5*z + g = 7*z - 410. Suppose -5*x - 15 = -130. Calculate the greatest common divisor of z and x.
23
Let t be (-215)/(-172) + (-23)/(-4). Suppose 2*b - r = 3*r + 58, -5*r = -2*b + 55. What is the highest common divisor of b and t?
7
Let t(h) = -5*h + 20. Let y be t(2). Suppose 0 = -2*f + 50 - y. Suppose -5*k = -43 + 3. Calculate the highest common factor of f and k.
4
Suppose -23*w + 6*w + 1020 = 0. Calculate the highest common divisor of 45 and w.
15
Suppose -31 - 464 = -33*k. What is the highest common factor of k and 190?
5
Suppose -z + 70 = -36. Let v = z - 58. Suppose 2*c + 3*y = y + v, 3*y + 63 = 2*c. Calculate the highest common divisor of 54 and c.
27
Let p(j) = -2*j - 3. Let h be p(-2). Let x be 0 - -4 - (0 - h)/1. What is the greatest common divisor of 55 and x?
5
